*c(m) + 11*d(m). Let j = 305 + -288. What is the units digit of k(j)?
2
Let n(p) = -p**3 + 5*p**2 - 5*p + 7. Let c be n(3). Suppose 5*y + 2*k - 4*k - 656 = 0, -5*k = -c. What is the units digit of y?
2
Let w be ((-9)/18)/(1/(-10)). Suppose -1 - 13 = -3*k - 5*z, -w*z = -4*k + 7. Suppose -3*n + k = -0. What is the units digit of n?
1
Let g(s) be the first derivative of -7*s**3/3 + s**2 + 8*s - 4. Let b(f) = 8*f**2 - 3*f - 9. Let u(x) = 6*b(x) + 7*g(x). What is the units digit of u(-3)?
5
Let w = -11 - -14. Suppose -4*j = -j - w. Let c = j - -1. What is the units digit of c?
2
Let s(l) = l**2 + 66. What is the units digit of s(0)?
6
Let y(c) = c - 13. Let i be y(0). Suppose 5*v - 2*a = 137, -6*v - 4*a = -v - 161. Let f = i + v. What is the tens digit of f?
1
Suppose -x + 0*x = -2. Suppose -3*a - 20 = -x. What is the units digit of (4/a)/(10/(-405))?
7
Let b(f) = f**3 + 6*f**2 - 7*f + 4. Let k be b(-5). Suppose 2*h - 6*h + r + 128 = 0, -k = -2*h - 5*r. What is the tens digit of h?
3
Let b be (-16)/3 + (-4)/6. Let r(x) be the third derivative of -x**6/120 - x**5/15 + x**4/4 + x**3/2 + 554*x**2. What is the units digit of r(b)?
9
Let k = 761 - -3455. What is the thousands digit of k?
4
Let u(c) = -10*c + 159. What is the units digit of u(-31)?
9
Let k(x) = -8*x**3 + 2*x**2 + 2*x + 32. What is the units digit of k(-6)?
0
Suppose 5*v - 3416 = -4*b - 494, v - 576 = 2*b. What is the tens digit of v?
8
Suppose 0 = -n - 461 + 1925. What is the thousands digit of n?
1
Let i(j) = 14*j**3 - 2*j**2 + 5*j - 4. Let c be i(2). Suppose -f - 330 = -3*k, f + c = k + 2*f. What is the units digit of k?
0
Let n be ((-12)/(-21))/(3/21). Suppose n*i - 10 = 2. Suppose 0 = 3*t - 5*r - 173, -t + i*r + 183 = 2*t. What is the units digit of t?
6
Let b be 5/(-2) + (-13207)/94. Let v = -490 + 285. Let d = b - v. What is the units digit of d?
2
Suppose 0 = -12*g + 17*g - 25. Suppose g*m = 8*m + 30. What is the tens digit of (32/m)/((-22)/385)?
5
Let g be (-7)/(-35) - (-366)/(-30). Let v = -28 + 14. What is the units digit of g/42 - 592/v?
2
What is the hundreds digit of 1047*13/91*(-14)/(-6)?
3
Let b(c) = -c**3 - 14*c**2 + 25*c - 15. What is the units digit of b(-16)?
7
Let j(q) = -3*q + 1. Let h be j(-1). Suppose h*u = -5*k, -7*k = 3*u - 3*k + 1. What is the units digit of (u - -87)/(2 - 0)?
6
Let v = -66 + 56. What is the hundreds digit of 145 - (-20)/(-8)*(-4)/v?
1
Let j = 241 - 245. Let s be (-296)/(-6)*(15 + 0). What is the tens digit of s/25 - j/10?
3
Let q = 9669 + -3446. What is the hundreds digit of q?
2
Let c(t) = -t**3 + 16*t**2 + t - 1. Let s be c(16). Let o = 9 - s. Let n = o - -48. What is the tens digit of n?
4
Suppose 356 = -4*m + 1328. What is the tens digit of m?
4
Let p = 297 + 187. What is the tens digit of p?
8
Let l(y) = 8*y - 7. Let r(n) = 25*n - 22. Let t(c) = 7*l(c) - 2*r(c). What is the units digit of t(6)?
1
Let v = 0 - 4. Let o(s) = -16. Let r(i) = i + 31. Let k(j) = -11*o(j) - 6*r(j). What is the tens digit of k(v)?
1
Let f(a) = a + 38. Suppose 0 = -m - 1 + 13. What is the tens digit of f(m)?
5
What is the thousands digit of 2033/5*(-215)/(-43)?
2
What is the hundreds digit of 6/27 + 2 + 37248/54?
6
Let f(s) = 650*s + 104. Let a(h) = 31*h + 5. Let n(j) = 104*a(j) - 5*f(j). What is the tens digit of n(-4)?
0
Let h(f) = -36*f - 51. What is the tens digit of h(-8)?
3
Let o(q) = 8*q**2 - 16*q + 487. What is the units digit of o(19)?
1
Let j(p) = p**3 + p**2 - 10*p + 2693. What is the units digit of j(0)?
3
Let g(c) = c + 3. Let h be g(-1). Suppose q + 7 = 2*n, -h*n = -0*q + 3*q - 19. Suppose -8 = x - n*x. What is the units digit of x?
2
Let j(s) = 3*s + 60. Let z be j(-19). Suppose z*o = -3*x + 377 - 11, x = -2*o + 120. What is the tens digit of x?
2
Let x = -63 + 66. What is the units digit of ((-21)/6 + x)*-1*42?
1
Let t(x) = x - 8. Let k be t(12). Suppose -3*m + 12 = -3*y, k*y + 3*m + 18 = 8*m. What is the tens digit of y/(-11) + 898/22?
4
Suppose -123444 = -613*i + 586*i. What is the tens digit of i?
7
Suppose -4*m + 2*r = -211 - 395, -r + 1 = 0. What is the units digit of m?
2
Let d = -1286 - -2351. What is the units digit of d?
5
Let s(q) = -q**2 + 3*q + 13. Let l be s(5). Let v = -54 + 98. What is the units digit of v + (0/l)/(-1)?
4
Suppose 5*g = 4*u + 1, -5*g - 2*u - 1 + 8 = 0. Let o = g - 0. What is the units digit of o?
1
Let h be 2 + 4*(-6)/(-8). Suppose -7 = -h*c + 3. Suppose 2*k = k + c. What is the units digit of k?
2
Let z be ((-4)/14)/((-3)/21). Suppose z*q - q = 17. What is the tens digit of q?
1
Let a be (-130)/(-2 - 0/(-4)). Suppose -3*f = -4*u + 225 - a, f + 125 = 3*u. What is the tens digit of u?
4
Let s = 122 + -50. Suppose s = 5*y + 4*q, 4*y + 2*q = -2 + 56. What is the units digit of y?
2
Let x(u) be the first derivative of -u**4/4 - 2*u**3 - 2*u**2 + 3*u - 3. Let s be x(-5). Let p = s - -38. What is the tens digit of p?
3
Suppose 0 = -5*c - v + 2202, -5*c + 2*v + 1734 = -477. What is the hundreds digit of c?
4
Let s = -153 - -152. Suppose 0 = -0*x + 3*x - 51. What is the tens digit of x/(s*(-2)/2)?
1
What is the hundreds digit of 2/6 + 70718/57?
2
Suppose -4*z + 0*m + 5 = 3*m, 3*z = -3*m. Suppose 0*b = -z*b + 5. What is the units digit of b?
1
Let l(d) = 4*d**2 - 13*d - 8. Let n(k) = 9*k**2 - 26*k - 17. Let p(j) = 7*l(j) - 3*n(j). What is the tens digit of p(-6)?
0
Suppose 3*t + c = 443, 5*t - 3*t - 2*c = 290. Suppose m + m - 67 = -5*w, -4*m + 3*w + t = 0. What is the units digit of m?
6
Suppose 3*a - 17 = -2*v, 4*v = v + 12. Suppose -m + 2*j = -2*j + 40, -131 = 5*m + a*j. Let h = -6 - m. What is the units digit of h?
2
Let d(r) = -2*r + 13. Let v be d(-7). Suppose k - 12 - v = 0. What is the tens digit of k?
3
Let p(f) = -3*f - 1. Let u(k) be the second derivative of k**3/3 + k**2 + 3*k. Let l(m) = -3*p(m) - 2*u(m). What is the units digit of l(6)?
9
Suppose 5*t - 5*l + 70 = 0, 20 = 4*l + l. What is the tens digit of t/15 + (-364)/(-6)?
6
Let m(b) = -2*b**2 + b - 3. Let s be m(-2). Let c = s + 26. Suppose -6*o + 29 + c = 0. What is the units digit of o?
7
Suppose 3*x - 2 = 4. Let p = 2 + x. Suppose 69 = p*q + 3*b, 5*q = -3*b - 6 + 93. What is the tens digit of q?
1
Suppose -84*n + 79*n + 6640 = 0. What is the thousands digit of n?
1
Let x(f) = 746*f**3 + 12*f**2 - 21*f + 3. What is the thousands digit of x(2)?
5
Suppose 0 = 4*r - 5569 - 1239. What is the units digit of r?
2
Let j(o) = 2*o + 9. Let u be 0/(3 + -2 + -3). Let y be j(u). Suppose -d + y = -6. What is the tens digit of d?
1
Let u = 31 - 15. Suppose -4*s + j + 0 + u = 0, -s = 4*j + 13. Suppose -f - s*f + 152 = 0. What is the units digit of f?
8
What is the hundreds digit of (-7)/14*3540/(-3)?
5
Suppose -56*r + 580 = -52*r. Let o = r - 84. What is the units digit of o?
1
Let q = 707 + 1419. What is the tens digit of q?
2
Let o(b) = b**2 + 266 - 5*b - 131 - 124. Suppose -4 = 3*m - 25. What is the tens digit of o(m)?
2
What is the units digit of ((-866)/(-6))/(3/27)?
9
Let u = 214 - 203. What is the units digit of u?
1
Suppose -75 = 7*w - 208. Suppose -5*p = -3*p - 10. Suppose 84 = p*b + w. What is the tens digit of b?
1
Let b = 21 + -19. Suppose -3 = b*w + 1. What is the units digit of (-3 + w)/(2/(-10))?
5
Let t be 4*(-2 - -3) - 4. Suppose t = -2*j - 3*j, -4*j - 156 = -4*y. What is the units digit of y?
9
Suppose -2*a = -5*l + 1333, -8*l = -7*l - 5*a - 262. What is the hundreds digit of l?
2
Let m = 0 + 5. Suppose m*x = -2*h + 21, 8*h - 3*h - 15 = -5*x. Suppose 3*c - x*f = 39, -5*c - f + 65 = -3*f. What is the tens digit of c?
1
Suppose -8*i - 14 = -10*i. Suppose 4*k + i*s = 4*s + 57, k = -4*s + 24. What is the tens digit of k?
1
Let q = 5 + -1. Let v(c) = -2*c - 13. Let h be v(-17). Suppose -q*p + 71 = -h. What is the tens digit of p?
2
What is the units digit of 1 + (-8420)/(-9) + 8/18?
7
What is the units digit of 10296/91 - (52/(-28) - -2)?
3
Suppose -v - 2*v - 2*h = 0, -2*h + 6 = 0. Let q = 3 - v. What is the units digit of (-54)/(-8)*(q - 1)?
7
Let b = -50 - -37. Let o = b - -28. What is the tens digit of o?
1
Let d = 16151 + -11469. What is the thousands digit of d?
4
Let f(i) = -10*i - i - 6*i + i**2 + 20*i + 14. What is the units digit of f(7)?
4
Suppose 0 = -y - 4*h + 1771, 14*h - 16*h = -4. What is the units digit of y?
3
Let o = -19 + 21. Suppose -5*d